e factors of 1200?
2, 3, 5
List the prime factors of 14893.
53, 281
List the prime factors of 35095.
5, 7019
List the prime factors of 80235.
3, 5, 1783
What are the prime factors of 75942?
2, 3, 4219
What are the prime factors of 94082?
2, 47041
What are the prime factors of 15052?
2, 53, 71
List the prime factors of 106018.
2, 11, 61, 79
List the prime factors of 63238.
2, 7, 4517
What are the prime factors of 1964?
2, 491
List the prime factors of 22049.
17, 1297
What are the prime factors of 9970?
2, 5, 997
What are the prime factors of 48727?
7, 6961
What are the prime factors of 19613?
11, 1783
What are the prime factors of 23733?
3, 293
What are the prime factors of 2231?
23, 97
List the prime factors of 4312.
2, 7, 11
What are the prime factors of 2866?
2, 1433
List the prime factors of 3625.
5, 29
List the prime factors of 16937.
16937
List the prime factors of 8321.
53, 157
What are the prime factors of 511?
7, 73
List the prime factors of 7470.
2, 3, 5, 83
What are the prime factors of 13109?
13109
What are the prime factors of 1605?
3, 5, 107
What are the prime factors of 2216?
2, 277
What are the prime factors of 163687?
191, 857
What are the prime factors of 5507?
5507
List the prime factors of 170.
2, 5, 17
List the prime factors of 1205.
5, 241
What are the prime factors of 10223?
10223
List the prime factors of 1336.
2, 167
What are the prime factors of 21567?
3, 7, 13, 79
List the prime factors of 1669.
1669
What are the prime factors of 3758?
2, 1879
List the prime factors of 12815.
5, 11, 233
What are the prime factors of 256?
2
What are the prime factors of 75565?
5, 7, 17, 127
List the prime factors of 2621.
2621
List the prime factors of 17053.
17053
List the prime factors of 75107.
19, 59, 67
What are the prime factors of 114427?
17, 53, 127
List the prime factors of 2009.
7, 41
What are the prime factors of 45047?
107, 421
What are the prime factors of 32382?
2, 3, 7, 257
What are the prime factors of 2446?
2, 1223
List the prime factors of 703.
19, 37
What are the prime factors of 10023?
3, 13, 257
What are the prime factors of 98468?
2, 103, 239
List the prime factors of 1459.
1459
What are the prime factors of 1326?
2, 3, 13, 17
What are the prime factors of 125?
5
What are the prime factors of 1205?
5, 241
List the prime factors of 7073.
11, 643
List the prime factors of 77.
7, 11
What are the prime factors of 801?
3, 89
List the prime factors of 2062.
2, 1031
List the prime factors of 5821.
5821
List the prime factors of 614.
2, 307
List the prime factors of 3811.
37, 103
List the prime factors of 527.
17, 31
What are the prime factors of 1464?
2, 3, 61
What are the prime factors of 3821?
3821
List the prime factors of 38181.
3, 11, 13, 89
What are the prime factors of 19573?
23, 37
List the prime factors of 1583.
1583
What are the prime factors of 1428?
2, 3, 7, 17
List the prime factors of 76500.
2, 3, 5, 17
What are the prime factors of 86038?
2, 43019
List the prime factors of 98062.
2, 49031
What are the prime factors of 27339?
3, 13, 701
List the prime factors of 5269.
11, 479
List the prime factors of 403.
13, 31
What are the prime factors of 1743?
3, 7, 83
What are the prime factors of 4020?
2, 3, 5, 67
List the prime factors of 1491.
3, 7, 71
List the prime factors of 1370.
2, 5, 137
What are the prime factors of 81194?
2, 40597
List the prime factors of 1401.
3, 467
What are the prime factors of 4361?
7, 89
What are the prime factors of 1366?
2, 683
What are the prime factors of 1518?
2, 3, 11, 23
What are the prime factors of 3685?
5, 11, 67
What are the prime factors of 3204?
2, 3, 89
What are the prime factors of 2289?
3, 7, 109
What are the prime factors of 2046?
2, 3, 11, 31
List the prime factors of 485.
5, 97
List the prime factors of 1345.
5, 269
What are the prime factors of 18939?
3, 59, 107
What are the prime factors of 829?
829
What are the prime factors of 25308?
2, 3, 19, 37
List the prime factors of 10475.
5, 419
List the prime factors of 328.
2, 41
What are the prime factors of 12759?
3, 4253
List the prime factors of 627.
3, 11, 19
List the prime factors of 23888.
2, 1493
What are the prime factors of 8564?
2, 2141
List the prime factors of 20513.
73, 281
List the prime factors of 17439.
3, 5813
List the prime factors of 97018.
2, 179, 271
List the prime factors of 84234.
2, 3, 101, 139
What are the prime factors of 4389?
3, 7, 11, 19
List the prime factors of 193.
193
List the prime factors of 1798.
2, 29, 31
What are the prime factors of 9200?
2, 5, 23
List the prime factors of 1234.
2, 617
What are the prime factors of 465?
3, 5, 31
What are the prime factors of 56096?
2, 1753
What are the prime factors of 923?
13, 71
List the prime factors of 1946.
2, 7, 139
What are the prime factors of 17358?
2, 3, 11, 263
What are the prime factors of 8555?
5, 29, 59
List the prime factors of 335.
5, 67
What are the prime factors of 14652?
2, 3, 11, 37
What are the prime factors of 3828?
2, 3, 11, 29
What are the prime factors of 2409?
3, 11, 73
What are the prime factors of 942?
2, 3, 157
List the prime factors of 7183.
11, 653
List the prime factors of 5798.
2, 13, 223
List the prime factors of 1649.
17, 97
What are the prime factors of 809?
809
What are the prime factors of 7689?
3, 11, 233
List the prime factors of 10178.
2, 7, 727
List the prime factors of 1621.
1621
What are the prime factors of 8156?
2, 2039
What are the prime factors of 11725?
5, 7, 67
What are the prime factors of 79032?
2, 3, 37, 89
What are the prime factors of 1194?
2, 3, 199
What are the prime factors of 5894?
2, 7, 421
What are the prime factors of 15008?
2, 7, 67
List the prime factors of 348.
2, 3, 29
What are the prime factors of 1638?
2, 3, 7, 13
List the prime factors of 12307.
31, 397
What are the prime factors of 1215?
3, 5
List the prime factors of 71477.
7, 10211
What are the prime factors of 13342?
2, 7, 953
What are the prime factors of 4618?
2, 2309
What are the prime factors of 6168?
2, 3, 257
List the prime factors of 39982.
2, 19991
What are the prime factors of 2145?
3, 5, 11, 13
What are the prime factors of 39248?
2, 11, 223
What are the prime factors of 39?
3, 13
List the prime factors of 4448.
2, 139
What are the prime factors of 1039?
1039
What are the prime factors of 25577?
25577
List the prime factors of 37112.
2, 4639
What are the prime factors of 98818?
2, 49409
What are the prime factors of 62595?
3, 5, 13, 107
What are the prime factors of 36042?
2, 3, 6007
List the prime factors of 215.
5, 43
What are the prime factors of 19936?
2, 7, 89
What are the prime factors of 1602?
2, 3, 89
List the prime factors of 30820.
2, 5, 23, 67
List the prime factors of 1164.
2, 3, 97
List the prime factors of 15626.
2, 13, 601
What are the prime factors of 2119?
13, 163
List the prime factors of 9612.
2, 3, 89
List the prime factors of 276.
2, 3, 23
List the prime factors of 2369.
23, 103
What are the prime factors of 19367?
107, 181
List the prime factors of 4010.
2, 5, 401
What are the prime factors of 10482?
2, 3, 1747
List the prime factors of 4434.
2, 3, 739
List the prime factors of 58375.
5, 467
What are the prime factors of 6087?
3, 2029
What are the prime factors of 38203?
11, 23, 151
List the prime factors of 16794.
2, 3, 311
What are the prime factors of 15640?
2, 5, 17, 23
List the prime factors of 72518.
2, 101, 359
What are the prime factors of 1314?
2, 3, 73
List the prime factors of 19809.
3, 31, 71
List the prime factors of 696.
2, 3, 29
List the prime factors of 12792.
2, 3, 13, 41
List the prime factors of 830.
2, 5, 83
List the prime factors of 10431.
3, 19, 61
List the prime factors of 1380.
2, 3, 5, 23
List the prime factors of 42623.
7, 6089
List the prime factors of 1509.
3, 503
List the prime factors of 40628.
2, 7, 1451
List the prime factors of 47722.
2, 107, 223
List the prime factors of 7623.
3, 7, 11
List the prime factors of 678.
2, 3, 113
What are the prime factors of 409?
409
List the prime factors of 64475.
5, 2579
What are the prime factors of 10023?
3, 13, 257
List the prime factors of 45084.
2, 3, 13, 17
What are the prime factors of 687?
3, 229
What are the prime factors of 8733?
3, 41, 71
List the prime factors of 228.
2, 3, 19
What are the prime factors of 1352